{"id":3,"date":"2024-05-23T15:43:33","date_gmt":"2024-05-23T13:43:33","guid":{"rendered":"https:\/\/mpmrconsult.de\/?page_id=3"},"modified":"2024-05-29T17:40:05","modified_gmt":"2024-05-29T15:40:05","slug":"datenschutzerklaerung","status":"publish","type":"page","link":"https:\/\/mpmrconsult.de\/index.php\/datenschutzerklaerung\/","title":{"rendered":"Datenschutzerkl\u00e4rung"},"content":{"rendered":"\n<h2 class=\"wp-block-heading\">Informationspflicht bei Erhebung von personenbezogenen Daten gem\u00e4\u00df Art. 13 DS\u00ad-GVO<\/h2>\n\n\n\n<h3 class=\"wp-block-heading\">Angaben zum Verantwortlichen (dem Unternehmen)<\/h3>\n\n\n\n<p>P\u00fcschel &amp; Reinecke GbR<br>Am Schlehendorn 1<br>31582 Nienburg(Weser)<\/p>\n\n\n\n<p><\/p>\n\n\n\n<h3 class=\"wp-block-heading\">Datenschutzbeauftragter<\/h3>\n\n\n\n<p><br>Bei Fragen zum Datenschutz steht Ihnen unser Datenschutzbeauftragter unter <a href=\"mailto:mreinecke@mpmrconsult.de\">mreinecke@mpmrconsult.de<\/a> oder unter der oben angegebenen postalischen Anschrift mit dem Zusatz &#8222;Datenschutzbeauftragter&#8220; zur Verf\u00fcgung.<\/p>\n\n\n\n<h3 class=\"wp-block-heading\">Verarbeitung Ihrer personenbezogenen Daten \u2013 Zwecke und Rechtsgrundlagen<\/h3>\n\n\n\n<h4 class=\"wp-block-heading\">Datenverarbeitung auf der Webseite des Unternehmens<\/h4>\n\n\n\n<h4 class=\"wp-block-heading\">Logfiles<\/h4>\n\n\n\n<p>Bei Aufruf unserer Webseite werden Logfiles gesetzt und bleiben f\u00fcr 30 Tage gespeichert.<\/p>\n\n\n\n<h4 class=\"wp-block-heading\">Datenverarbeitung im Unternehmen<\/h4>\n\n\n\n<p>Wir verarbeiten personenbezogene Daten auf Grundlage von datenschutzrechtlichen Regelungen der Datenschutz-Grundverordnung (DS-GVO) sowie des Bundesdatenschutzgesetzgesetzes (BDSG) und ggf. den Landesdatenschutzgesetzen der einzelnen Bundesl\u00e4nder. Die Daten der folgenden Personengruppen werden von den jeweils zust\u00e4ndigen Personen im Unternehmen zur Aufgabenerf\u00fcllung verarbeitet.<\/p>\n\n\n\n<p>Im Einzelnen bedeutet dies:<\/p>\n\n\n\n<ul class=\"wp-block-list\">\n<li><ins>Kundendaten<\/ins> werden zur Durchf\u00fchrung und Betreuung des Vertragsverh\u00e4ltnisses oder dem vorvertraglichen Verh\u00e4ltnis sowie von Kontaktanfragen und zur Kommunikation auf Grundlage von Art. 6 Abs. 1 S. 1 Buchstabe b) DS-GVO und Art. 6 Abs. 1 S. 1 Buchstabe c) DS-GVO verarbeitet.<\/li>\n<\/ul>\n\n\n\n<h3 class=\"wp-block-heading\">Speicherdauer<\/h3>\n\n\n\n<p>Die von uns gespeicherten personenbezogenen Daten werden nach Ma\u00dfgabe von gesetzlichen Vorgaben gel\u00f6scht. Wir l\u00f6schen die Daten, sobald sie f\u00fcr den Verarbeitungszweck nicht mehr erforderlich sind, eine gegebene Einwilligung widerrufen wird oder sonstige Erlaubnisse entfallen.<br>Daten, die z.&nbsp;B. aus handels- oder steuerrechtlichen Gr\u00fcnden noch aufbewahrt werden m\u00fcssen oder deren Speicherung noch f\u00fcr die Geltendmachung, Aus\u00fcbung oder Verteidigung von Rechtsanspr\u00fcchen erforderlich ist, werden gel\u00f6scht, sobald dies nicht mehr der Fall ist.<\/p>\n\n\n\n<h3 class=\"wp-block-heading\">Betroffenenrechte<\/h3>\n\n\n\n<p>Wenn wir personenbezogene Daten von Ihnen verarbeiten, haben Sie folgende Betroffenenrechte:<\/p>\n\n\n\n<ul class=\"wp-block-list\">\n<li>ein Recht auf Auskunft \u00fcber die verarbeiteten Daten und auf Kopie,<\/li>\n\n\n\n<li>ein Berichtigungsrecht, wenn wir falsche Daten \u00fcber Sie verarbeiten,<\/li>\n\n\n\n<li>ein Recht auf L\u00f6schung, es sei denn, dass noch Ausnahmen greifen, warum wir die Daten noch speichern, also zum Beispiel Aufbewahrungspflichten oder Verj\u00e4hrungsfristen<\/li>\n\n\n\n<li>ein Recht auf Einschr\u00e4nkung der Verarbeitung,<\/li>\n\n\n\n<li>ein jederzeitiges Recht, Einwilligungen in die Datenverarbeitung zu widerrufen,<\/li>\n\n\n\n<li>ein Widerspruchsrecht gegen eine Verarbeitung im \u00f6ffentlichen oder bei berechtigtem Interesse,<\/li>\n\n\n\n<li>ein Recht auf Daten\u00fcbertragbarkeit,<\/li>\n\n\n\n<li>ein Beschwerderecht bei einer Datenschutz-Aufsichtsbeh\u00f6rde, wenn Sie finden, dass wir Ihre Daten nicht ordnungsgem\u00e4\u00df verarbeiten. F\u00fcr unser Unternehmen ist die Landesbeauftragte f\u00fcr den Datenschutz Niedersachsen zust\u00e4ndig. Wenn Sie sich in einem anderen Bundesland oder nicht in Deutschland aufhalten, k\u00f6nnen Sie sich aber auch an die dortige Datenschutzbeh\u00f6rde wenden.<\/li>\n<\/ul>\n","protected":false},"excerpt":{"rendered":"<p>Informationspflicht bei Erhebung von personenbezogenen Daten gem\u00e4\u00df Art. 13 DS\u00ad-GVO Angaben zum Verantwortlichen (dem Unternehmen) P\u00fcschel &amp; Reinecke GbRAm Schlehendorn 131582 Nienburg(Weser) Datenschutzbeauftragter Bei Fragen zum Datenschutz steht Ihnen unser Datenschutzbeauftragter unter mreinecke@mpmrconsult.de oder unter der oben angegebenen postalischen Anschrift mit dem Zusatz &#8222;Datenschutzbeauftragter&#8220; zur Verf\u00fcgung. Verarbeitung Ihrer personenbezogenen Daten \u2013 Zwecke und Rechtsgrundlagen Datenverarbeitung [&hellip;]<\/p>\n","protected":false},"author":1,"featured_media":0,"parent":0,"menu_order":0,"comment_status":"closed","ping_status":"open","template":"","meta":{"saved_in_kubio":false,"footnotes":""},"class_list":["post-3","page","type-page","status-publish","hentry"],"kubio_ai_page_context":{"short_desc":"","purpose":"general"},"_links":{"self":[{"href":"https:\/\/mpmrconsult.de\/index.php\/wp-json\/wp\/v2\/pages\/3","targetHints":{"allow":["GET"]}}],"collection":[{"href":"https:\/\/mpmrconsult.de\/index.php\/wp-json\/wp\/v2\/pages"}],"about":[{"href":"https:\/\/mpmrconsult.de\/index.php\/wp-json\/wp\/v2\/types\/page"}],"author":[{"embeddable":true,"href":"https:\/\/mpmrconsult.de\/index.php\/wp-json\/wp\/v2\/users\/1"}],"replies":[{"embeddable":true,"href":"https:\/\/mpmrconsult.de\/index.php\/wp-json\/wp\/v2\/comments?post=3"}],"version-history":[{"count":2,"href":"https:\/\/mpmrconsult.de\/index.php\/wp-json\/wp\/v2\/pages\/3\/revisions"}],"predecessor-version":[{"id":155,"href":"https:\/\/mpmrconsult.de\/index.php\/wp-json\/wp\/v2\/pages\/3\/revisions\/155"}],"wp:attachment":[{"href":"https:\/\/mpmrconsult.de\/index.php\/wp-json\/wp\/v2\/media?parent=3"}],"curies":[{"name":"wp","href":"https:\/\/api.w.org\/{rel}","templated":true}]}}